).
-4
Let w(n) = n - 20. Let v be w(16). Let i(k) = k**2 + 3*k + 3. What is i(v)?
7
Let y(c) be the third derivative of -c**5/60 - c**4/12 - c**3/6 - 24*c**2 - 4. Suppose -2*d - 3 = 3. What is y(d)?
-4
Suppose 4*i - 26 = -14. Let a(j) = -j. What is a(i)?
-3
Let o(a) be the second derivative of -a**6/720 + a**5/15 - a**4/4 - a. Let l(i) be the third derivative of o(i). Calculate l(6).
2
Suppose 0 = -3*x - 2 + 17. Let t(f) = f**3 - 6*f**2 + 4*f + 5. Give t(x).
0
Let r(v) = 2*v + 0*v + 6 + 5*v - v**2 - 3*v. Let t be r(6). Let c(y) = -y**2 - 8*y - 5. Give c(t).
7
Let k(x) = 5 + 5 + 3*x - 4 - 3. What is k(-4)?
-9
Let k = 5 + -5. Let p be (-1 - -6)*(-6)/(-15). Let c(h) = 0*h**p - 8 - h**2 + 7. Give c(k).
-1
Let g(m) = 7*m + 11*m - 3 + 0 - 7*m. Give g(2).
19
Suppose -4*d = -3 - 1. Let p be (3/(-2))/(d/(-4)). Let z(g) = -g - 3 - g**2 + p - 3*g. Determine z(2).
-9
Let z be (8/(-6))/(4/(-6)). Let i(s) be the third derivative of -1/8*s**4 + 0*s + 2*s**2 + 1/3*s**3 + 0. Calculate i(z).
-4
Let v(x) be the third derivative of -x**4/8 - 3*x**3/2 - 9*x**2. Calculate v(-6).
9
Let y(t) = -t**3 + 6*t**2 - 6*t - 1. Let q(n) be the third derivative of n**6/120 - n**5/10 + n**4/4 + n**3/3 + n**2. Let v(i) = -4*q(i) - 3*y(i). What is v(5)?
-10
Let c be 3/7 - 90/(-35). Let z(x) = x**2 - x. Determine z(c).
6
Let v(n) be the third derivative of -n**4/6 + n**3/2 - 13*n**2. Give v(2).
-5
Let o(z) be the third derivative of z**7/840 + z**6/360 + z**5/120 + z**4/24 + z**3/2 - 4*z**2. Let f(d) be the first derivative of o(d). What is f(-2)?
-5
Suppose -5 = k - 22. Suppose 4*u = -2*b + 7*b - 48, 4*u + b = -48. Let x = u + k. Let l(j) = 2*j - 5. Determine l(x).
5
Let r(n) = -n - 5. Let x(g) = g. Let q be x(-3). Determine r(q).
-2
Let d(o) = 2*o**2 + 2*o - 4. Let r(g) = -g**2 + g + 1. Let i(n) = -n**3 - 12*n**2 - 11*n + 1. Let p be i(-11). Let x(b) = p*d(b) + r(b). Calculate x(2).
7
Let n(w) = -7*w**3 - 8*w**2 - 2*w + 3. Let c(h) = 11*h**3 + 12*h**2 + 3*h - 5. Let b(o) = 5*c(o) + 8*n(o). What is b(-3)?
-7
Let g be ((-4)/6)/((-4)/(-6)). Let f(w) be the third derivative of -7*w**5/60 - w**4/12 - w**3/6 - 25*w**2. Give f(g).
-6
Let z be 2/((-1 - 1) + 3). Suppose 0*g + z*g = 2. Let t(l) = g + 6*l**3 + 3*l - 3*l. Calculate t(1).
7
Let r(n) = -2 - 3*n - 4*n**2 - 24*n**3 + 8*n + 0*n**2 + 23*n**3. Give r(-5).
-2
Let m(s) = -s**2 + s + 1. Let j be (-3 - 0) + 2 - -4. Suppose 2*q + 2 = -2*t, 3*q = 4*t - 7 - j. Give m(q).
-5
Let p(k) = 15*k + 17*k - 33*k. Calculate p(-3).
3
Let h(t) be the first derivative of -t**4/4 + 4*t**3/3 - t**2/2 - 2*t - 7. Let v = 6 + -3. Give h(v).
4
Let w(y) = -y**2 + 3*y - 5. Suppose -11 = -3*i - n, 2*n = -2*i - 3*n + 3. Determine w(i).
-9
Let y(a) = 0*a - 3 + 0 + 4*a + 0*a. Let n(d) = 7*d - 5. Let m(l) = -3*n(l) + 5*y(l). Determine m(-4).
4
Let b be (8/(-3))/((-48)/72). Let r(l) be the third derivative of 2/3*l**3 + 0 - 3*l**2 + 0*l - 1/24*l**b. Give r(0).
4
Suppose 2*v = 5*s + 16, -2*s = 1 + 3. Let y(g) = g**3 - 2*g**2 - 5*g + 3. What is y(v)?
-3
Let s = -11 - -5. Let q(n) be the third derivative of -n**4/12 - n**3/2 + 3*n**2. What is q(s)?
9
Let a(b) = -b**2 - b - 1. Let w(t) = 4*t**2 + 15*t + 13. Let k(o) = -5*a(o) - w(o). Determine k(11).
3
Suppose -o + 2 = -1. Let i(h) = -3 - 3*h**2 - 4*h - o*h**2 + 2*h**2 - h**3. Let c = 29 - 32. What is i(c)?
0
Let c(w) = -w + 2. Let x be ((-14)/4 - -4)/(1/(-10)). What is c(x)?
7
Let t(z) = 3*z - 7. Let k(w) = -4*w - w - 8*w + 28. Let i(v) = 8*v**3 - 2*v**2 - v. Let r be i(-1). Let u(n) = r*t(n) - 2*k(n). Give u(0).
7
Let u(m) = -1 + m**2 + 4 - m + 2*m**3 - m**3. Let h be u(0). Let k(i) = -i**2 + 6 - 2*i + 3*i + h*i - 2*i. Determine k(5).
-9
Let u(s) = -s - 12. Let w be u(-7). Let g(y) = y**2 + 3*y - 2. Determine g(w).
8
Let y(n) = 4 - 6*n - 3*n + 1 + 8*n. Determine y(-4).
9
Let a = 8 - 6. Let f(x) = x**3 - 2*x**2 - 1. Let v be f(a). Let w(s) = s**2 - 4 - 4*s**3 - 3*s**2 + 2 + 3. Give w(v).
3
Suppose -5*k + 50 = -0*q - 2*q, 5*q + k + 71 = 0. Let o be (q/(-5))/(6/(-20)). Let b = -11 - o. Let t(f) = -f**2 - 2*f - 1. Determine t(b).
0
Let d(s) = -s - 2. Let u(x) = 3*x**2 + 5*x + 4. Suppose 2*y + 6 - 2 = 0. Let k be u(y). Give d(k).
-8
Let t be 4/(-6)*3 - -4. Suppose 3*j - 6*j - 6 = -3*x, -t*x + 4*j + 14 = 0. Let u(n) = -n**2 - n - 2. What is u(x)?
-8
Let r(q) = q + 5. Let s(w) be the first derivative of -w**2/2 - 13*w - 2. Let u be s(-9). Calculate r(u).
1
Let t = 16 - 13. Let w(n) = 8*n + 6*n**2 + n**t - 1 - 4*n**2 + 4*n**2 + 5. Give w(-5).
-11
Suppose p - 4*p = 0. Let z(s) = 5*s**3 + 4*s**2 - 1. Let r(c) = c**2 - 10*c + 4. Let w be r(10). Let a(h) = h**3 + h**2. Let f(k) = w*a(k) - z(k). Give f(p).
1
Let s(u) be the third derivative of -u**5/60 - u**3/2 + 5*u**2 + 4*u. Let t(k) = k**3 - 5*k**2 + 4*k + 3. Let y be t(4). Calculate s(y).
-12
Let x = -2 - -3. Let g be (x/(-1))/((-1)/(-2)). Let z(q) = 1 - 3*q - 2 + 4*q. Calculate z(g).
-3
Let z = -115 + 110. Let m(o) = o**3 - o**2 + 1. Let r(q) = 6*q**3 - q**2 - 6*q - 2. Let p(h) = -5*m(h) + r(h). Give p(z).
-2
Let d(c) be the third derivative of -11*c**5/60 + c**4/24 + 28*c**2. Calculate d(-1).
-12
Let m(o) = -o**2 + 7*o - 2. Let a(w) = w**3 - 3*w**2 + 3*w - 2. Let j be a(3). Calculate m(j).
-2
Suppose -3*m + 7*m = 24. Let q(p) = 2 + 4 + 1 - 6. Let s(c) = -c**3 + 6*c**2 + c - 1. Let o(d) = 4*q(d) + s(d). Give o(m).
9
Let i = 8 - 5. Let n be -2*i/(-6)*5. Let a(y) = 5*y + 11. Let o(d) = 11*d + 23. Let g(p) = -13*a(p) + 6*o(p). Give g(n).
0
Let w(a) be the second derivative of -a**3/6 + 3*a**2 - 5*a. Calculate w(5).
1
Let b(u) = 0*u**3 - u**3 - u - u**2 + 0*u + 1. Let v(f) = 3*f + 13. Let d be v(-4). Let c be (0 - d)*(2 + 0). What is b(c)?
7
Let u be (3 - -1) + (-9 - -11). Let y(q) = -q**3 + 6*q**2 + 2*q + 1. What is y(u)?
13
Suppose v - 13 = -4*h, h - 6*v + v = -23. Let p(y) = -h - y + y**2 + 0*y + 0*y. Give p(-3).
10
Let i(y) be the first derivative of -y**4/4 + 7*y**3/3 - 3*y**2 + 3*y - 2. Let v be i(6). Let z(k) = -k - 3. Calculate z(v).
-6
Let l(j) = -j**3 - 1 - 2 - j - 4*j**2 - j + 0*j**3. Determine l(-3).
-6
Let w(z) = -3*z + 1 - 2*z**3 - 9*z**2 + 4*z + 3*z**3. Determine w(9).
10
Let i(y) = -y**2 + 3*y + 4. Let q be (-2 + 0)*(-30)/12. Calculate i(q).
-6
Let t(x) = x**3 - 8*x**2 - 20*x + 9. Let m be t(10). Let k(j) = 2*j - 13. Calculate k(m).
5
Let c = -4 + -1. Let n(k) = k**2 + 8*k + 5. What is n(c)?
-10
Let b = 7 - 1. Suppose 0 = -y - 2*y + b. Let n(s) = s. Give n(y).
2
Let q(l) = 3*l**3 + l**2 - 25 + 2*l**3 + 24 + l + 2*l**3. Give q(1).
8
Let y(x) be the second derivative of x**5/20 - x**4/12 + x**3/6 - 9*x**2/2 - 9*x. What is y(0)?
-9
Suppose 2*p + 0 = -2. Let g(w) = 10*w**3 - w**2 + 1. Calculate g(p).
-10
Let o(n) = -n**3 - 4*n**2 - 6*n - 2. Let s be o(-3). Let t(b) = -b**2 + 7*b + 9. What is t(s)?
9
Let l be 78/(-4) + (-6)/12. Let c be ((-24)/l)/(1/(-5)). Let r(k) = k**3 + 7*k**2 + 8*k + 8. What is r(c)?
-4
Let o be 2 - 6/(-9)*3. Suppose -4 - 8 = -o*n. Let c(v) = -v**3 + v**2 + 4*v - 1. Give c(n).
-7
Let s(q) be the second derivative of q**3/3 - q**2/2 - 9*q. Determine s(-1).
-3
Let y(b) = 1 + 0 + 2*b + 6. Suppose -2*p + 5*z - 4 = 0, 0 = 3*p - 3*z - 3 - 0. Suppose p*w - 30 = 4*i, 4 = 3*w - 2. Give y(i).
-5
Let u(z) be the third derivative of z**5/30 - z**3/6 - 19*z**2. Give u(-1).
1
Suppose 2*k - 2 = -4*h - 0, 2*k - h = -13. Let g(d) be the first derivative of -7*d - 5/2*d**2 - 1/3*d**3 + 3. Determine g(k).
-7
Let m(y) = y + 7. Suppose -4*k - 8 = -4*h, -4*k - 4*h + 17 + 7 = 0. Suppose -3*r - 5*p - 91 = -k*r, -5*r = -3*p + 567. Let w be 4/14 + r/21. Give m(w).
2
Let c = 17 + -16. Let n(f) be the third derivative of 3*f**4/8 - f**3/6 - 2*f**2. Determine n(c).
8
Let o = 9 + -4. Let z(i) = 16*i**2 - 20*i - 25. Let f(k) = -3*k**2 + 4*k + 5. Let w(p) = 11*f(p) + 2*z(p). Determine w(o).
0
Let u(i) = -i**3 - 2*i**2 + 2*i + 3. Let x(j) = j**2 - 5*j - 3. Let v be x(6). Suppose -v = 5*o - 13. Let p be (-2 + -2)*o/4. What is u(p)?
-1
Suppose -o - 3*v - 4 = 10, 0 = -4*o - 5*v - 21. Let j(a) = 11*a**2 + 1. Give j(o).
12
Let u(h) = h**2. Let n be u(1). Let k be (-1 + (-2 - 2))/n. Let q(s) = 2*s + 5. What is q(k)?
-5
Let i = -1 + 6. Let k be (-1)/(-2)*(0 + -2). Let w(g) = -g - 1. Let y(x) = -2*x - 9. Let n(c) = k*y(c) + 3*w(c). Give n(i).
1
Let y(j) be the first derivative of 